{"id":868,"date":"2021-03-20T18:33:51","date_gmt":"2021-03-20T17:33:51","guid":{"rendered":"https:\/\/bachcollegiumbarcelona.com\/sobre-bcb\/adriana-alcaide\/"},"modified":"2021-03-20T18:33:56","modified_gmt":"2021-03-20T17:33:56","slug":"adriana-alcaide","status":"publish","type":"page","link":"https:\/\/bachcollegiumbarcelona.com\/es\/sobre-bcb\/adriana-alcaide\/","title":{"rendered":"Adriana Alcaide"},"content":{"rendered":"\t\t<div data-elementor-type=\"wp-page\" data-elementor-id=\"868\" class=\"elementor elementor-868 elementor-156\" data-elementor-post-type=\"page\">\n\t\t\t\t\t\t<section class=\"elementor-section elementor-top-section elementor-element elementor-element-df2f93a elementor-section-boxed elementor-section-height-default elementor-section-height-default\" data-id=\"df2f93a\" data-element_type=\"section\">\n\t\t\t\t\t\t<div class=\"elementor-container elementor-column-gap-default\">\n\t\t\t\t\t<div class=\"elementor-column elementor-col-50 elementor-top-column elementor-element elementor-element-d86cb58\" data-id=\"d86cb58\" data-element_type=\"column\">\n\t\t\t<div class=\"elementor-widget-wrap elementor-element-populated\">\n\t\t\t\t\t\t<div class=\"elementor-element elementor-element-6ba338d elementor-widget elementor-widget-image\" data-id=\"6ba338d\" data-element_type=\"widget\" data-widget_type=\"image.default\">\n\t\t\t\t<div class=\"elementor-widget-container\">\n\t\t\t\t\t\t\t\t\t\t\t\t\t\t\t<img fetchpriority=\"high\" decoding=\"async\" width=\"300\" height=\"364\" src=\"https:\/\/bachcollegiumbarcelona.com\/wp-content\/uploads\/2021\/03\/sobre-bcb-dins-adriana.jpg\" class=\"attachment-full size-full wp-image-158\" alt=\"\" srcset=\"https:\/\/bachcollegiumbarcelona.com\/wp-content\/uploads\/2021\/03\/sobre-bcb-dins-adriana.jpg 300w, https:\/\/bachcollegiumbarcelona.com\/wp-content\/uploads\/2021\/03\/sobre-bcb-dins-adriana-247x300.jpg 247w\" sizes=\"(max-width: 300px) 100vw, 300px\" \/>\t\t\t\t\t\t\t\t\t\t\t\t\t\t\t<\/div>\n\t\t\t\t<\/div>\n\t\t\t\t<div class=\"elementor-element elementor-element-80bafe6 elementor-widget elementor-widget-heading\" data-id=\"80bafe6\" data-element_type=\"widget\" data-widget_type=\"heading.default\">\n\t\t\t\t<div class=\"elementor-widget-container\">\n\t\t\t\t\t<h1 class=\"elementor-heading-title elementor-size-default\">Adriana Alcaide<\/h1>\t\t\t\t<\/div>\n\t\t\t\t<\/div>\n\t\t\t\t\t<\/div>\n\t\t<\/div>\n\t\t\t\t<div class=\"elementor-column elementor-col-50 elementor-top-column elementor-element elementor-element-2d265f8\" data-id=\"2d265f8\" data-element_type=\"column\">\n\t\t\t<div class=\"elementor-widget-wrap elementor-element-populated\">\n\t\t\t\t\t\t<div class=\"elementor-element elementor-element-1d09f16 elementor-widget elementor-widget-text-editor\" data-id=\"1d09f16\" data-element_type=\"widget\" data-widget_type=\"text-editor.default\">\n\t\t\t\t<div class=\"elementor-widget-container\">\n\t\t\t\t\t\t\t\t\t<p>Violinista barcelonesa, cursa la especialidad de Interpretaci\u00f3n Hist\u00f3rica y Viol\u00edn Barroco 1999 hasta el 2003 al Koninlijk Conservatorium de La Haya (Holanda), gracias a una beca de la Generalidad de Catalu\u00f1a.<\/p>\n<p>Miembro de la European Baroque Orchestra (EUBO), trabaja con Roy Goodman y Andrew Manze. Forma parte de: El Arpeggiata, Concerto Amsterdam, Berlin Baroque, Utrecht Baroque Consort, Ludovice Ensemble, Glossarium, Al Ayre Espa\u00f1ol, Orquesta Barroca de Sevilla, tocando bajo la batuta de Rinaldo Alessandrini, Eduardo L\u00f3pez Banzo, Monica Huggett y Jordi Savall. Ha actuado en salas como el Carneggie Hall (NY) y Wigmore Hall (Londres).<\/p>\n<p>Ha grabado para Harmonia Mundi, Na\u00efve, K617 y Brilliant Classics. Es creadora de SymbioticA Ensemble y de Follia Project, con quien realiza numerosos conciertos.<\/p>\n<p>Actualmente es directora musical e int\u00e9rprete del espect\u00e1culo H\u00e4ndel and Friends de L&#8217;AUDITORI EDUCA. Combina su vertiente puramente musical con la actuaci\u00f3n teatral, incluy\u00e9ndola en sus espect\u00e1culos musicales. Realiza numerosas giras por Jap\u00f3n con el grupo Soubugen.<\/p>\n<p>Recientemente ha salido al mercado su CD a solo \u00abStill Life\u00bb bajo el sello discogr\u00e1fico Anacrusa, as\u00ed como la publicaci\u00f3n de su primer libro \u00abMujer\u00edsima\u00bb.<\/p>\n\t\t\t\t\t\t\t\t<\/div>\n\t\t\t\t<\/div>\n\t\t\t\t\t<\/div>\n\t\t<\/div>\n\t\t\t\t\t<\/div>\n\t\t<\/section>\n\t\t\t\t<\/div>\n\t\t","protected":false},"excerpt":{"rendered":"<p>Adriana Alcaide Violinista barcelonesa, cursa la especialidad de Interpretaci\u00f3n Hist\u00f3rica y Viol\u00edn Barroco 1999 hasta el 2003 al Koninlijk Conservatorium de La Haya (Holanda), gracias a una beca de la Generalidad de Catalu\u00f1a. Miembro de la European Baroque Orchestra (EUBO), trabaja con Roy Goodman y Andrew Manze. Forma parte de: El Arpeggiata, Concerto Amsterdam, Berlin [&hellip;]<\/p>\n","protected":false},"author":2,"featured_media":0,"parent":857,"menu_order":0,"comment_status":"closed","ping_status":"closed","template":"elementor_header_footer","meta":{"_acf_changed":false,"site-sidebar-layout":"no-sidebar","site-content-layout":"page-builder","ast-site-content-layout":"","site-content-style":"default","site-sidebar-style":"default","ast-global-header-display":"","ast-banner-title-visibility":"","ast-main-header-display":"","ast-hfb-above-header-display":"","ast-hfb-below-header-display":"","ast-hfb-mobile-header-display":"","site-post-title":"disabled","ast-breadcrumbs-content":"disabled","ast-featured-img":"disabled","footer-sml-layout":"","theme-transparent-header-meta":"default","adv-header-id-meta":"","stick-header-meta":"","header-above-stick-meta":"","header-main-stick-meta":"","header-below-stick-meta":"","astra-migrate-meta-layouts":"default","ast-page-background-enabled":"default","ast-page-background-meta":{"desktop":{"background-color":"","background-image":"","background-repeat":"repeat","background-position":"center center","background-size":"auto","background-attachment":"scroll","background-type":"","background-media":"","overlay-type":"","overlay-color":"","overlay-opacity":"","overlay-gradient":""},"tablet":{"background-color":"","background-image":"","background-repeat":"repeat","background-position":"center center","background-size":"auto","background-attachment":"scroll","background-type":"","background-media":"","overlay-type":"","overlay-color":"","overlay-opacity":"","overlay-gradient":""},"mobile":{"background-color":"","background-image":"","background-repeat":"repeat","background-position":"center center","background-size":"auto","background-attachment":"scroll","background-type":"","background-media":"","overlay-type":"","overlay-color":"","overlay-opacity":"","overlay-gradient":""}},"ast-content-background-meta":{"desktop":{"background-color":"var(--ast-global-color-5)","background-image":"","background-repeat":"repeat","background-position":"center center","background-size":"auto","background-attachment":"scroll","background-type":"","background-media":"","overlay-type":"","overlay-color":"","overlay-opacity":"","overlay-gradient":""},"tablet":{"background-color":"var(--ast-global-color-5)","background-image":"","background-repeat":"repeat","background-position":"center center","background-size":"auto","background-attachment":"scroll","background-type":"","background-media":"","overlay-type":"","overlay-color":"","overlay-opacity":"","overlay-gradient":""},"mobile":{"background-color":"var(--ast-global-color-5)","background-image":"","background-repeat":"repeat","background-position":"center center","background-size":"auto","background-attachment":"scroll","background-type":"","background-media":"","overlay-type":"","overlay-color":"","overlay-opacity":"","overlay-gradient":""}},"footnotes":""},"class_list":["post-868","page","type-page","status-publish","hentry"],"acf":[],"_links":{"self":[{"href":"https:\/\/bachcollegiumbarcelona.com\/es\/wp-json\/wp\/v2\/pages\/868","targetHints":{"allow":["GET"]}}],"collection":[{"href":"https:\/\/bachcollegiumbarcelona.com\/es\/wp-json\/wp\/v2\/pages"}],"about":[{"href":"https:\/\/bachcollegiumbarcelona.com\/es\/wp-json\/wp\/v2\/types\/page"}],"author":[{"embeddable":true,"href":"https:\/\/bachcollegiumbarcelona.com\/es\/wp-json\/wp\/v2\/users\/2"}],"replies":[{"embeddable":true,"href":"https:\/\/bachcollegiumbarcelona.com\/es\/wp-json\/wp\/v2\/comments?post=868"}],"version-history":[{"count":5,"href":"https:\/\/bachcollegiumbarcelona.com\/es\/wp-json\/wp\/v2\/pages\/868\/revisions"}],"predecessor-version":[{"id":874,"href":"https:\/\/bachcollegiumbarcelona.com\/es\/wp-json\/wp\/v2\/pages\/868\/revisions\/874"}],"up":[{"embeddable":true,"href":"https:\/\/bachcollegiumbarcelona.com\/es\/wp-json\/wp\/v2\/pages\/857"}],"wp:attachment":[{"href":"https:\/\/bachcollegiumbarcelona.com\/es\/wp-json\/wp\/v2\/media?parent=868"}],"curies":[{"name":"wp","href":"https:\/\/api.w.org\/{rel}","templated":true}]}}

<div data-elementor-type="wp-page" data-elementor-id="868" class="elementor elementor-868 elementor-156" data-elementor-post-type="page">
						<section class="elementor-section elementor-top-section elementor-element elementor-element-df2f93a elementor-section-boxed elementor-section-height-default elementor-section-height-default" data-id="df2f93a" data-element_type="section">
						<div class="elementor-container elementor-column-gap-default">
					<div class="elementor-column elementor-col-50 elementor-top-column elementor-element elementor-element-d86cb58" data-id="d86cb58" data-element_type="column">
			<div class="elementor-widget-wrap elementor-element-populated">
						<div class="elementor-element elementor-element-6ba338d elementor-widget elementor-widget-image" data-id="6ba338d" data-element_type="widget" data-widget_type="image.default">
				<div class="elementor-widget-container">
															<img fetchpriority="high" decoding="async" width="300" height="364" src="https://bachcollegiumbarcelona.com/wp-content/uploads/2021/03/sobre-bcb-dins-adriana.jpg" class="attachment-full size-full wp-image-158" alt="" srcset="https://bachcollegiumbarcelona.com/wp-content/uploads/2021/03/sobre-bcb-dins-adriana.jpg 300w, https://bachcollegiumbarcelona.com/wp-content/uploads/2021/03/sobre-bcb-dins-adriana-247x300.jpg 247w" sizes="(max-width: 300px) 100vw, 300px" />															</div>
				</div>
				<div class="elementor-element elementor-element-80bafe6 elementor-widget elementor-widget-heading" data-id="80bafe6" data-element_type="widget" data-widget_type="heading.default">
				<div class="elementor-widget-container">
					<h1 class="elementor-heading-title elementor-size-default">Adriana Alcaide</h1>				</div>
				</div>
					</div>
		</div>
				<div class="elementor-column elementor-col-50 elementor-top-column elementor-element elementor-element-2d265f8" data-id="2d265f8" data-element_type="column">
			<div class="elementor-widget-wrap elementor-element-populated">
						<div class="elementor-element elementor-element-1d09f16 elementor-widget elementor-widget-text-editor" data-id="1d09f16" data-element_type="widget" data-widget_type="text-editor.default">
				<div class="elementor-widget-container">
									<p>Violinista barcelonesa, cursa la especialidad de Interpretación Histórica y Violín Barroco 1999 hasta el 2003 al Koninlijk Conservatorium de La Haya (Holanda), gracias a una beca de la Generalidad de Cataluña.</p>
<p>Miembro de la European Baroque Orchestra (EUBO), trabaja con Roy Goodman y Andrew Manze. Forma parte de: El Arpeggiata, Concerto Amsterdam, Berlin Baroque, Utrecht Baroque Consort, Ludovice Ensemble, Glossarium, Al Ayre Español, Orquesta Barroca de Sevilla, tocando bajo la batuta de Rinaldo Alessandrini, Eduardo López Banzo, Monica Huggett y Jordi Savall. Ha actuado en salas como el Carneggie Hall (NY) y Wigmore Hall (Londres).</p>
<p>Ha grabado para Harmonia Mundi, Naïve, K617 y Brilliant Classics. Es creadora de SymbioticA Ensemble y de Follia Project, con quien realiza numerosos conciertos.</p>
<p>Actualmente es directora musical e intérprete del espectáculo Händel and Friends de L&#8217;AUDITORI EDUCA. Combina su vertiente puramente musical con la actuación teatral, incluyéndola en sus espectáculos musicales. Realiza numerosas giras por Japón con el grupo Soubugen.</p>
<p>Recientemente ha salido al mercado su CD a solo «Still Life» bajo el sello discográfico Anacrusa, así como la publicación de su primer libro «Mujerísima».</p>
								</div>
				</div>
					</div>
		</div>
					</div>
		</section>
				</div>

<p>Adriana Alcaide Violinista barcelonesa, cursa la especialidad de Interpretación Histórica y Violín Barroco 1999 hasta el 2003 al Koninlijk Conservatorium de La Haya (Holanda), gracias a una beca de la Generalidad de Cataluña. Miembro de la European Baroque Orchestra (EUBO), trabaja con Roy Goodman y Andrew Manze. Forma parte de: El Arpeggiata, Concerto Amsterdam, Berlin [&hellip;]</p>
